{"id":506,"date":"2022-07-14T16:14:00","date_gmt":"2022-07-14T14:14:00","guid":{"rendered":"https:\/\/39ppp.de\/niklas\/?page_id=506"},"modified":"2022-07-14T16:30:41","modified_gmt":"2022-07-14T14:30:41","slug":"ueber-mich","status":"publish","type":"page","link":"https:\/\/39ppp.de\/niklas\/ueber-mich\/","title":{"rendered":"\u00dcBER MICH \ud83c\udfc3\ud83c\udffd\u200d\u2642\ufe0f"},"content":{"rendered":"\n<p><\/p>\n\n\n\n<p>Ich bin Niklas, 23 Jahre jung und Sporttherapeut. Momentan wohne ich noch in Bielefeld, aber ab August hei\u00dft mein Wohnort:&nbsp;<strong>Utica, New York<\/strong>.<\/p>\n\n\n\n<p>M\u00f6glich macht mir dieses das&nbsp;<a href=\"https:\/\/usa-ppp.de\/\" target=\"_blank\" rel=\"noreferrer noopener\">Parlamentarische Patenschaftsprogramm<\/a>&nbsp;(PPP) des Deutschen Bundestages und des US-Kongresses. Zur F\u00f6rderung des transatlantischen Verh\u00e4ltnisses erhalten jedes Jahr je 75 junge Berufst\u00e4tige aus Deutschland und den USA die M\u00f6glichkeit, im jeweils anderen Land zu leben und zu arbeiten.<\/p>\n\n\n\n<p>Der Name \u201ePatenschaftsprogramm\u201c l\u00e4sst es schon vermuten, jeder deutsche Teilnehmer wurde von einem Abgeordneten des deutschen Bundestages nominiert. Mein Pate ist\u00a0<a href=\"https:\/\/www.wiebke-esdar.de\/\" target=\"_blank\" rel=\"noreferrer noopener\">Dr. Wiebke Esdar<\/a>\u00a0(SPD), sie vertritt den Wahlkreis Bielefeld \u2013 G\u00fctersloh II. Ich bin immer noch sehr dankbar f\u00fcr die Nominierung und freue mich darauf, ein St\u00fcck vom Teuto und Arminia in die USA zu bringen.<\/p>\n","protected":false},"excerpt":{"rendered":"<p>Ich bin Niklas, 23 Jahre jung und Sporttherapeut. Momentan wohne ich noch in Bielefeld, aber ab August hei\u00dft mein Wohnort:&nbsp;Utica, New York. M\u00f6glich macht mir dieses das&nbsp;Parlamentarische Patenschaftsprogramm&nbsp;(PPP) des Deutschen Bundestages und des US-Kongresses. Zur F\u00f6rderung des transatlantischen Verh\u00e4ltnisses erhalten jedes Jahr je 75 junge Berufst\u00e4tige aus Deutschland und den USA die M\u00f6glichkeit, im jeweils [&hellip;]<\/p>\n","protected":false},"author":9,"featured_media":0,"parent":0,"menu_order":0,"comment_status":"closed","ping_status":"closed","template":"","meta":{"footnotes":"","_links_to":"","_links_to_target":""},"class_list":["post-506","page","type-page","status-publish","hentry"],"yoast_head":"<!-- This site is optimized with the Yoast SEO plugin v27.4 - https:\/\/yoast.com\/product\/yoast-seo-wordpress\/ -->\n<title>\u00dcBER MICH \ud83c\udfc3\ud83c\udffd\u200d\u2642\ufe0f - NIKLAS X USA<\/title>\n<meta name=\"robots\" content=\"index, follow, max-snippet:-1, max-image-preview:large, max-video-preview:-1\" \/>\n<link rel=\"canonical\" href=\"https:\/\/39ppp.de\/niklas\/ueber-mich\/\" \/>\n<meta property=\"og:locale\" content=\"de_DE\" \/>\n<meta property=\"og:type\" content=\"article\" \/>\n<meta property=\"og:title\" content=\"\u00dcBER MICH \ud83c\udfc3\ud83c\udffd\u200d\u2642\ufe0f - NIKLAS X USA\" \/>\n<meta property=\"og:description\" content=\"Ich bin Niklas, 23 Jahre jung und Sporttherapeut. Momentan wohne ich noch in Bielefeld, aber ab August hei\u00dft mein Wohnort:&nbsp;Utica, New York. M\u00f6glich macht mir dieses das&nbsp;Parlamentarische Patenschaftsprogramm&nbsp;(PPP) des Deutschen Bundestages und des US-Kongresses. Zur F\u00f6rderung des transatlantischen Verh\u00e4ltnisses erhalten jedes Jahr je 75 junge Berufst\u00e4tige aus Deutschland und den USA die M\u00f6glichkeit, im jeweils [&hellip;]\" \/>\n<meta property=\"og:url\" content=\"https:\/\/39ppp.de\/niklas\/ueber-mich\/\" \/>\n<meta property=\"og:site_name\" content=\"NIKLAS X USA\" \/>\n<meta property=\"article:modified_time\" content=\"2022-07-14T14:30:41+00:00\" \/>\n<meta name=\"twitter:card\" content=\"summary_large_image\" \/>\n<meta name=\"twitter:label1\" content=\"Gesch\u00e4tzte Lesezeit\" \/>\n\t<meta name=\"twitter:data1\" content=\"1\u00a0Minute\" \/>\n<script type=\"application\/ld+json\" class=\"yoast-schema-graph\">{\"@context\":\"https:\\\/\\\/schema.org\",\"@graph\":[{\"@type\":\"WebPage\",\"@id\":\"https:\\\/\\\/39ppp.de\\\/niklas\\\/ueber-mich\\\/\",\"url\":\"https:\\\/\\\/39ppp.de\\\/niklas\\\/ueber-mich\\\/\",\"name\":\"\u00dcBER MICH \ud83c\udfc3\ud83c\udffd\u200d\u2642\ufe0f - NIKLAS X USA\",\"isPartOf\":{\"@id\":\"https:\\\/\\\/39ppp.de\\\/niklas\\\/#website\"},\"datePublished\":\"2022-07-14T14:14:00+00:00\",\"dateModified\":\"2022-07-14T14:30:41+00:00\",\"inLanguage\":\"de\",\"potentialAction\":[{\"@type\":\"ReadAction\",\"target\":[\"https:\\\/\\\/39ppp.de\\\/niklas\\\/ueber-mich\\\/\"]}]},{\"@type\":\"WebSite\",\"@id\":\"https:\\\/\\\/39ppp.de\\\/niklas\\\/#website\",\"url\":\"https:\\\/\\\/39ppp.de\\\/niklas\\\/\",\"name\":\"NIKLAS X USA\",\"description\":\"\",\"publisher\":{\"@id\":\"https:\\\/\\\/39ppp.de\\\/niklas\\\/#organization\"},\"potentialAction\":[{\"@type\":\"SearchAction\",\"target\":{\"@type\":\"EntryPoint\",\"urlTemplate\":\"https:\\\/\\\/39ppp.de\\\/niklas\\\/?s={search_term_string}\"},\"query-input\":{\"@type\":\"PropertyValueSpecification\",\"valueRequired\":true,\"valueName\":\"search_term_string\"}}],\"inLanguage\":\"de\"},{\"@type\":\"Organization\",\"@id\":\"https:\\\/\\\/39ppp.de\\\/niklas\\\/#organization\",\"name\":\"NIKLAS X USA\",\"url\":\"https:\\\/\\\/39ppp.de\\\/niklas\\\/\",\"logo\":{\"@type\":\"ImageObject\",\"inLanguage\":\"de\",\"@id\":\"https:\\\/\\\/39ppp.de\\\/niklas\\\/#\\\/schema\\\/logo\\\/image\\\/\",\"url\":\"https:\\\/\\\/39ppp.de\\\/niklas\\\/wp-content\\\/uploads\\\/sites\\\/8\\\/2022\\\/07\\\/cropped-LOGO_neu.png\",\"contentUrl\":\"https:\\\/\\\/39ppp.de\\\/niklas\\\/wp-content\\\/uploads\\\/sites\\\/8\\\/2022\\\/07\\\/cropped-LOGO_neu.png\",\"width\":4096,\"height\":3074,\"caption\":\"NIKLAS X USA\"},\"image\":{\"@id\":\"https:\\\/\\\/39ppp.de\\\/niklas\\\/#\\\/schema\\\/logo\\\/image\\\/\"}}]}<\/script>\n<!-- \/ Yoast SEO plugin. -->","yoast_head_json":{"title":"\u00dcBER MICH \ud83c\udfc3\ud83c\udffd\u200d\u2642\ufe0f - NIKLAS X USA","robots":{"index":"index","follow":"follow","max-snippet":"max-snippet:-1","max-image-preview":"max-image-preview:large","max-video-preview":"max-video-preview:-1"},"canonical":"https:\/\/39ppp.de\/niklas\/ueber-mich\/","og_locale":"de_DE","og_type":"article","og_title":"\u00dcBER MICH \ud83c\udfc3\ud83c\udffd\u200d\u2642\ufe0f - NIKLAS X USA","og_description":"Ich bin Niklas, 23 Jahre jung und Sporttherapeut. Momentan wohne ich noch in Bielefeld, aber ab August hei\u00dft mein Wohnort:&nbsp;Utica, New York. M\u00f6glich macht mir dieses das&nbsp;Parlamentarische Patenschaftsprogramm&nbsp;(PPP) des Deutschen Bundestages und des US-Kongresses. Zur F\u00f6rderung des transatlantischen Verh\u00e4ltnisses erhalten jedes Jahr je 75 junge Berufst\u00e4tige aus Deutschland und den USA die M\u00f6glichkeit, im jeweils [&hellip;]","og_url":"https:\/\/39ppp.de\/niklas\/ueber-mich\/","og_site_name":"NIKLAS X USA","article_modified_time":"2022-07-14T14:30:41+00:00","twitter_card":"summary_large_image","twitter_misc":{"Gesch\u00e4tzte Lesezeit":"1\u00a0Minute"},"schema":{"@context":"https:\/\/schema.org","@graph":[{"@type":"WebPage","@id":"https:\/\/39ppp.de\/niklas\/ueber-mich\/","url":"https:\/\/39ppp.de\/niklas\/ueber-mich\/","name":"\u00dcBER MICH \ud83c\udfc3\ud83c\udffd\u200d\u2642\ufe0f - NIKLAS X USA","isPartOf":{"@id":"https:\/\/39ppp.de\/niklas\/#website"},"datePublished":"2022-07-14T14:14:00+00:00","dateModified":"2022-07-14T14:30:41+00:00","inLanguage":"de","potentialAction":[{"@type":"ReadAction","target":["https:\/\/39ppp.de\/niklas\/ueber-mich\/"]}]},{"@type":"WebSite","@id":"https:\/\/39ppp.de\/niklas\/#website","url":"https:\/\/39ppp.de\/niklas\/","name":"NIKLAS X USA","description":"","publisher":{"@id":"https:\/\/39ppp.de\/niklas\/#organization"},"potentialAction":[{"@type":"SearchAction","target":{"@type":"EntryPoint","urlTemplate":"https:\/\/39ppp.de\/niklas\/?s={search_term_string}"},"query-input":{"@type":"PropertyValueSpecification","valueRequired":true,"valueName":"search_term_string"}}],"inLanguage":"de"},{"@type":"Organization","@id":"https:\/\/39ppp.de\/niklas\/#organization","name":"NIKLAS X USA","url":"https:\/\/39ppp.de\/niklas\/","logo":{"@type":"ImageObject","inLanguage":"de","@id":"https:\/\/39ppp.de\/niklas\/#\/schema\/logo\/image\/","url":"https:\/\/39ppp.de\/niklas\/wp-content\/uploads\/sites\/8\/2022\/07\/cropped-LOGO_neu.png","contentUrl":"https:\/\/39ppp.de\/niklas\/wp-content\/uploads\/sites\/8\/2022\/07\/cropped-LOGO_neu.png","width":4096,"height":3074,"caption":"NIKLAS X USA"},"image":{"@id":"https:\/\/39ppp.de\/niklas\/#\/schema\/logo\/image\/"}}]}},"_links":{"self":[{"href":"https:\/\/39ppp.de\/niklas\/wp-json\/wp\/v2\/pages\/506","targetHints":{"allow":["GET"]}}],"collection":[{"href":"https:\/\/39ppp.de\/niklas\/wp-json\/wp\/v2\/pages"}],"about":[{"href":"https:\/\/39ppp.de\/niklas\/wp-json\/wp\/v2\/types\/page"}],"author":[{"embeddable":true,"href":"https:\/\/39ppp.de\/niklas\/wp-json\/wp\/v2\/users\/9"}],"replies":[{"embeddable":true,"href":"https:\/\/39ppp.de\/niklas\/wp-json\/wp\/v2\/comments?post=506"}],"version-history":[{"count":7,"href":"https:\/\/39ppp.de\/niklas\/wp-json\/wp\/v2\/pages\/506\/revisions"}],"predecessor-version":[{"id":522,"href":"https:\/\/39ppp.de\/niklas\/wp-json\/wp\/v2\/pages\/506\/revisions\/522"}],"wp:attachment":[{"href":"https:\/\/39ppp.de\/niklas\/wp-json\/wp\/v2\/media?parent=506"}],"curies":[{"name":"wp","href":"https:\/\/api.w.org\/{rel}","templated":true}]}}