{"id":46,"date":"2022-07-12T20:12:06","date_gmt":"2022-07-12T18:12:06","guid":{"rendered":"https:\/\/39ppp.de\/meikexusa\/?page_id=46"},"modified":"2022-07-12T20:26:48","modified_gmt":"2022-07-12T18:26:48","slug":"das-ppp","status":"publish","type":"page","link":"https:\/\/39ppp.de\/meikexusa\/das-ppp\/","title":{"rendered":"Das PPP"},"content":{"rendered":"\t\t<div data-elementor-type=\"wp-page\" data-elementor-id=\"46\" class=\"elementor elementor-46\">\n\t\t\t\t\t\t<section class=\"elementor-section elementor-top-section elementor-element elementor-element-191053c9 elementor-section-boxed elementor-section-height-default elementor-section-height-default\" data-id=\"191053c9\" data-element_type=\"section\" data-e-type=\"section\">\n\t\t\t\t\t\t<div class=\"elementor-container elementor-column-gap-default\">\n\t\t\t\t\t<div class=\"elementor-column elementor-col-100 elementor-top-column elementor-element elementor-element-6d6809ba\" data-id=\"6d6809ba\" data-element_type=\"column\" data-e-type=\"column\">\n\t\t\t<div class=\"elementor-widget-wrap elementor-element-populated\">\n\t\t\t\t\t\t<div class=\"elementor-element elementor-element-35b30a54 elementor-widget elementor-widget-text-editor\" data-id=\"35b30a54\" data-element_type=\"widget\" data-e-type=\"widget\" data-widget_type=\"text-editor.default\">\n\t\t\t\t<div class=\"elementor-widget-container\">\n\t\t\t\t\t\t\t\t\t<p><\/p>\n<figure class=\"wp-block-image size-large is-resized\"><img fetchpriority=\"high\" decoding=\"async\" src=\"https:\/\/39ppp.de\/meikexusa\/wp-content\/uploads\/sites\/15\/2022\/07\/PPP_Logo-1024x421.jpg\" alt=\"\" class=\"wp-image-48\" width=\"478\" height=\"196\" srcset=\"https:\/\/39ppp.de\/meikexusa\/wp-content\/uploads\/sites\/15\/2022\/07\/PPP_Logo-1024x421.jpg 1024w, https:\/\/39ppp.de\/meikexusa\/wp-content\/uploads\/sites\/15\/2022\/07\/PPP_Logo-300x123.jpg 300w, https:\/\/39ppp.de\/meikexusa\/wp-content\/uploads\/sites\/15\/2022\/07\/PPP_Logo-768x316.jpg 768w, https:\/\/39ppp.de\/meikexusa\/wp-content\/uploads\/sites\/15\/2022\/07\/PPP_Logo-1536x632.jpg 1536w, https:\/\/39ppp.de\/meikexusa\/wp-content\/uploads\/sites\/15\/2022\/07\/PPP_Logo-2048x843.jpg 2048w\" sizes=\"(max-width: 478px) 100vw, 478px\" \/><\/figure>\n<p><\/p>\n<p><\/p>\n<p class=\"has-medium-font-size\"><strong>Was ist das PPP f\u00fcr junge Berufst\u00e4tige?<\/strong><\/p>\n<p><\/p>\n<p><\/p>\n<ul class=\"has-small-font-size wp-block-list\">\n<li>Das Parlamentarische Patenschafts-Programm f\u00fcr junge Berufst\u00e4tige (PPP) ist ein bilaterales Austauschprogramm des Deutschen Bundestages und des US-Kongresses, das 1983 ins Leben gerufen wurde.<\/li>\n<li>J\u00e4hrlich werden neben High School-Stipendien f\u00fcr Sch\u00fcler*innen ebenfalls je 75 Stipendien f\u00fcr junge Berufst\u00e4tige aus Deutschland und den USA f\u00fcr ein Austauschjahr im jeweils anderen Land vergeben.<\/li>\n<li>Mitglieder des jeweiligen Parlaments w\u00e4hlen die PPP-Stipendiat<em>innen als Junior-Botschafter<\/em>innen aus und unterst\u00fctzen sie dabei im Rahmen einer Patenschaft.<\/li>\n<\/ul>\n<p><\/p>\n<p><\/p>\n<p class=\"has-medium-font-size\"><strong>Wof\u00fcr steht das PPP?<\/strong><\/p>\n<p><\/p>\n<p><\/p>\n<ul class=\"has-small-font-size wp-block-list\">\n<li>Ziel des PPPs ist es, ein Netzwerk pers\u00f6nlicher Verbindungen zwischen Menschen in den USA und in Deutschland aufzubauen, um gemeinsame politische Wertvorstellungen zu festigen und unterschiedliche Lebensweisen im anderen Land kennenzulernen.<\/li>\n<li>In ihrer Rolle als Junior-Botschafter<em>innen vertreten die Stipendiat<\/em>innen ihr eigenes Land im Ausland, lernen die andere Kultur und Lebensweise kennen und f\u00f6rdern das Verst\u00e4ndnis f\u00fcreinander und den interkulturellen Austausch.<\/li>\n<\/ul>\n<p><\/p>\n<p><\/p>\n<p class=\"has-medium-font-size\">Wer kann am PPP f\u00fcr junge Berufst\u00e4tige teilnehmen?<\/p>\n<p><\/p>\n<p><\/p>\n<ul class=\"has-small-font-size wp-block-list\">\n<li>Junge Menschen im Alter zwischen 16 und 24 Jahren mit Lebensmittelpunkt in Deutschland und abgeschlossener Berufsausbildung (abgeleistete Freiwilligendienste erh\u00f6hen die Altersgrenze entsprechend)<\/li>\n<li>Mind. drei Schuljahre Englischunterricht<\/li>\n<li>Gesundheitliche Eignung, den Auslandsaufenthalt erfolgreich zu absolvieren<\/li>\n<li>Interesse an Politik, Gesellschaft, Kultur und Leben in den USA<\/li>\n<li>Bereitschaft, sich ehrenamtlich zu engagieren<\/li>\n<\/ul>\n<p><\/p>\n<p><\/p>\n<p class=\"has-medium-font-size\"><strong>Welche 5 Elemente beinhaltet das PPP f\u00fcr junge Berufst\u00e4tige?<\/strong><\/p>\n<p><\/p>\n<p><\/p>\n<figure class=\"wp-block-image size-full\"><img decoding=\"async\" width=\"755\" height=\"185\" src=\"https:\/\/39ppp.de\/meikexusa\/wp-content\/uploads\/sites\/15\/2022\/07\/Unbenannt.png\" alt=\"\" class=\"wp-image-47\" srcset=\"https:\/\/39ppp.de\/meikexusa\/wp-content\/uploads\/sites\/15\/2022\/07\/Unbenannt.png 755w, https:\/\/39ppp.de\/meikexusa\/wp-content\/uploads\/sites\/15\/2022\/07\/Unbenannt-300x74.png 300w\" sizes=\"(max-width: 755px) 100vw, 755px\" \/><\/figure>\n<p><\/p>\n<p><\/p>\n<p class=\"has-medium-font-size\"><strong>Wie ist der Programmablauf?<\/strong><\/p>\n<p><\/p>\n<p><\/p>\n<div class=\"wp-block-columns is-layout-flex wp-container-core-columns-is-layout-28f84493 wp-block-columns-is-layout-flex\"><p><\/p>\n<div class=\"wp-block-column is-layout-flow wp-block-column-is-layout-flow\" style=\"flex-basis:100%\"><p><\/p>\n<div class=\"wp-block-group is-layout-flow wp-block-group-is-layout-flow\"><p><\/p>\n<figure class=\"wp-block-table is-style-regular has-small-font-size\">\n<table>\n<tbody>\n<tr>\n<td class=\"has-text-align-center\" data-align=\"center\"><strong>2022<\/strong><\/td>\n<td class=\"has-text-align-center\" data-align=\"center\">September<\/td>\n<td class=\"has-text-align-center\" data-align=\"center\">Bewerbungsschluss<\/td>\n<\/tr>\n<tr>\n<td class=\"has-text-align-center\" data-align=\"center\"><\/td>\n<td class=\"has-text-align-center\" data-align=\"center\">Oktober-November<\/td>\n<td class=\"has-text-align-center\" data-align=\"center\">Auswahltagungen<\/td>\n<\/tr>\n<tr>\n<td class=\"has-text-align-center\" data-align=\"center\"><strong>2023<\/strong><\/td>\n<td class=\"has-text-align-center\" data-align=\"center\">Januar-Februar<\/td>\n<td class=\"has-text-align-center\" data-align=\"center\">Nominierung durch <br>Bundestagabgeordnete<\/td>\n<\/tr>\n<tr>\n<td class=\"has-text-align-center\" data-align=\"center\"><\/td>\n<td class=\"has-text-align-center\" data-align=\"center\">M\u00e4rz-April<\/td>\n<td class=\"has-text-align-center\" data-align=\"center\">Vorbereitungsseminar<\/td>\n<\/tr>\n<tr>\n<td class=\"has-text-align-center\" data-align=\"center\"><\/td>\n<td class=\"has-text-align-center\" data-align=\"center\">August<\/td>\n<td class=\"has-text-align-center\" data-align=\"center\">Reise in die USA<\/td>\n<\/tr>\n<tr>\n<td class=\"has-text-align-center\" data-align=\"center\"><\/td>\n<td class=\"has-text-align-center\" data-align=\"center\">August-Dezember<\/td>\n<td class=\"has-text-align-center\" data-align=\"center\">Studium am College<\/td>\n<\/tr>\n<tr>\n<td class=\"has-text-align-center\" data-align=\"center\">2024<\/td>\n<td class=\"has-text-align-center\" data-align=\"center\">Januar-Juni<\/td>\n<td class=\"has-text-align-center\" data-align=\"center\">Praktukum in einem <br>US-Unternehmen<\/td>\n<\/tr>\n<tr>\n<td class=\"has-text-align-center\" data-align=\"center\"><\/td>\n<td class=\"has-text-align-center\" data-align=\"center\">Juni\/Juli<\/td>\n<td class=\"has-text-align-center\" data-align=\"center\">R\u00fcckreise nach Deutschland<\/td>\n<\/tr>\n<tr>\n<td class=\"has-text-align-center\" data-align=\"center\"><\/td>\n<td class=\"has-text-align-center\" data-align=\"center\">September<\/td>\n<td class=\"has-text-align-center\" data-align=\"center\">Nachbereitungsseminar <br>in Berlin<\/td>\n<\/tr>\n<\/tbody>\n<\/table>\n<figcaption>Ablauf f\u00fcr das 40.PPP<\/figcaption>\n<\/figure>\n<p><\/p><\/div>\n<p><\/p><\/div>\n<p><\/p><\/div>\n<p><\/p>\n<p><\/p>\n<p class=\"has-small-font-size\">Weitere Informationen und die Online-Bewerbung finden Sie auf der Webseite: <a href=\"https:\/\/usa-ppp.de\/\">https:\/\/usa-ppp.de\/<\/a><br>Bewerbungsschluss f\u00fcr das 40.PPP ist der 09. September 2022.<\/p>\n<p><\/p>\n<p><\/p>\n<p>Quelle: Cultural Vistas <\/p>\n<p><\/p>\t\t\t\t\t\t\t\t<\/div>\n\t\t\t\t<\/div>\n\t\t\t\t\t<\/div>\n\t\t<\/div>\n\t\t\t\t\t<\/div>\n\t\t<\/section>\n\t\t\t\t<\/div>\n\t\t","protected":false},"excerpt":{"rendered":"<p>Was ist das PPP f\u00fcr junge Berufst\u00e4tige? Das Parlamentarische Patenschafts-Programm f\u00fcr junge Berufst\u00e4tige (PPP) ist ein bilaterales Austauschprogramm des Deutschen Bundestages und des US-Kongresses, das 1983 ins Leben gerufen wurde. J\u00e4hrlich werden neben High School-Stipendien f\u00fcr Sch\u00fcler*innen ebenfalls je 75 Stipendien f\u00fcr junge Berufst\u00e4tige aus Deutschland und den USA f\u00fcr ein Austauschjahr im jeweils anderen [&hellip;]<\/p>\n","protected":false},"author":16,"featured_media":0,"parent":0,"menu_order":0,"comment_status":"closed","ping_status":"closed","template":"","meta":{"footnotes":"","_links_to":"","_links_to_target":""},"class_list":["post-46","page","type-page","status-publish","hentry"],"yoast_head":"<!-- This site is optimized with the Yoast SEO plugin v27.4 - https:\/\/yoast.com\/product\/yoast-seo-wordpress\/ -->\n<title>Das PPP - Meike meets America<\/title>\n<meta name=\"robots\" content=\"index, follow, max-snippet:-1, max-image-preview:large, max-video-preview:-1\" \/>\n<link rel=\"canonical\" href=\"https:\/\/39ppp.de\/meikexusa\/das-ppp\/\" \/>\n<meta property=\"og:locale\" content=\"de_DE\" \/>\n<meta property=\"og:type\" content=\"article\" \/>\n<meta property=\"og:title\" content=\"Das PPP - Meike meets America\" \/>\n<meta property=\"og:description\" content=\"Was ist das PPP f\u00fcr junge Berufst\u00e4tige? Das Parlamentarische Patenschafts-Programm f\u00fcr junge Berufst\u00e4tige (PPP) ist ein bilaterales Austauschprogramm des Deutschen Bundestages und des US-Kongresses, das 1983 ins Leben gerufen wurde. J\u00e4hrlich werden neben High School-Stipendien f\u00fcr Sch\u00fcler*innen ebenfalls je 75 Stipendien f\u00fcr junge Berufst\u00e4tige aus Deutschland und den USA f\u00fcr ein Austauschjahr im jeweils anderen [&hellip;]\" \/>\n<meta property=\"og:url\" content=\"https:\/\/39ppp.de\/meikexusa\/das-ppp\/\" \/>\n<meta property=\"og:site_name\" content=\"Meike meets America\" \/>\n<meta property=\"article:modified_time\" content=\"2022-07-12T18:26:48+00:00\" \/>\n<meta property=\"og:image\" content=\"https:\/\/39ppp.de\/meikexusa\/wp-content\/uploads\/sites\/15\/2022\/07\/PPP_Logo-1024x421.jpg\" \/>\n<meta name=\"twitter:card\" content=\"summary_large_image\" \/>\n<meta name=\"twitter:label1\" content=\"Gesch\u00e4tzte Lesezeit\" \/>\n\t<meta name=\"twitter:data1\" content=\"2\u00a0Minuten\" \/>\n<script type=\"application\/ld+json\" class=\"yoast-schema-graph\">{\"@context\":\"https:\\\/\\\/schema.org\",\"@graph\":[{\"@type\":\"WebPage\",\"@id\":\"https:\\\/\\\/39ppp.de\\\/meikexusa\\\/das-ppp\\\/\",\"url\":\"https:\\\/\\\/39ppp.de\\\/meikexusa\\\/das-ppp\\\/\",\"name\":\"Das PPP - Meike meets America\",\"isPartOf\":{\"@id\":\"https:\\\/\\\/39ppp.de\\\/meikexusa\\\/#website\"},\"primaryImageOfPage\":{\"@id\":\"https:\\\/\\\/39ppp.de\\\/meikexusa\\\/das-ppp\\\/#primaryimage\"},\"image\":{\"@id\":\"https:\\\/\\\/39ppp.de\\\/meikexusa\\\/das-ppp\\\/#primaryimage\"},\"thumbnailUrl\":\"https:\\\/\\\/39ppp.de\\\/meikexusa\\\/wp-content\\\/uploads\\\/sites\\\/15\\\/2022\\\/07\\\/PPP_Logo-1024x421.jpg\",\"datePublished\":\"2022-07-12T18:12:06+00:00\",\"dateModified\":\"2022-07-12T18:26:48+00:00\",\"breadcrumb\":{\"@id\":\"https:\\\/\\\/39ppp.de\\\/meikexusa\\\/das-ppp\\\/#breadcrumb\"},\"inLanguage\":\"de\",\"potentialAction\":[{\"@type\":\"ReadAction\",\"target\":[\"https:\\\/\\\/39ppp.de\\\/meikexusa\\\/das-ppp\\\/\"]}]},{\"@type\":\"ImageObject\",\"inLanguage\":\"de\",\"@id\":\"https:\\\/\\\/39ppp.de\\\/meikexusa\\\/das-ppp\\\/#primaryimage\",\"url\":\"https:\\\/\\\/39ppp.de\\\/meikexusa\\\/wp-content\\\/uploads\\\/sites\\\/15\\\/2022\\\/07\\\/PPP_Logo.jpg\",\"contentUrl\":\"https:\\\/\\\/39ppp.de\\\/meikexusa\\\/wp-content\\\/uploads\\\/sites\\\/15\\\/2022\\\/07\\\/PPP_Logo.jpg\",\"width\":2071,\"height\":852},{\"@type\":\"BreadcrumbList\",\"@id\":\"https:\\\/\\\/39ppp.de\\\/meikexusa\\\/das-ppp\\\/#breadcrumb\",\"itemListElement\":[{\"@type\":\"ListItem\",\"position\":1,\"name\":\"Startseite\",\"item\":\"https:\\\/\\\/39ppp.de\\\/meikexusa\\\/\"},{\"@type\":\"ListItem\",\"position\":2,\"name\":\"Das PPP\"}]},{\"@type\":\"WebSite\",\"@id\":\"https:\\\/\\\/39ppp.de\\\/meikexusa\\\/#website\",\"url\":\"https:\\\/\\\/39ppp.de\\\/meikexusa\\\/\",\"name\":\"Meike meets America\",\"description\":\"Mein Jahr in Amerika\",\"publisher\":{\"@id\":\"https:\\\/\\\/39ppp.de\\\/meikexusa\\\/#organization\"},\"potentialAction\":[{\"@type\":\"SearchAction\",\"target\":{\"@type\":\"EntryPoint\",\"urlTemplate\":\"https:\\\/\\\/39ppp.de\\\/meikexusa\\\/?s={search_term_string}\"},\"query-input\":{\"@type\":\"PropertyValueSpecification\",\"valueRequired\":true,\"valueName\":\"search_term_string\"}}],\"inLanguage\":\"de\"},{\"@type\":\"Organization\",\"@id\":\"https:\\\/\\\/39ppp.de\\\/meikexusa\\\/#organization\",\"name\":\"Meike meets America\",\"url\":\"https:\\\/\\\/39ppp.de\\\/meikexusa\\\/\",\"logo\":{\"@type\":\"ImageObject\",\"inLanguage\":\"de\",\"@id\":\"https:\\\/\\\/39ppp.de\\\/meikexusa\\\/#\\\/schema\\\/logo\\\/image\\\/\",\"url\":\"https:\\\/\\\/39ppp.de\\\/meikexusa\\\/wp-content\\\/uploads\\\/sites\\\/15\\\/2022\\\/07\\\/MeikeXUSA-Textlogo.png\",\"contentUrl\":\"https:\\\/\\\/39ppp.de\\\/meikexusa\\\/wp-content\\\/uploads\\\/sites\\\/15\\\/2022\\\/07\\\/MeikeXUSA-Textlogo.png\",\"width\":500,\"height\":500,\"caption\":\"Meike meets America\"},\"image\":{\"@id\":\"https:\\\/\\\/39ppp.de\\\/meikexusa\\\/#\\\/schema\\\/logo\\\/image\\\/\"}}]}<\/script>\n<!-- \/ Yoast SEO plugin. -->","yoast_head_json":{"title":"Das PPP - Meike meets America","robots":{"index":"index","follow":"follow","max-snippet":"max-snippet:-1","max-image-preview":"max-image-preview:large","max-video-preview":"max-video-preview:-1"},"canonical":"https:\/\/39ppp.de\/meikexusa\/das-ppp\/","og_locale":"de_DE","og_type":"article","og_title":"Das PPP - Meike meets America","og_description":"Was ist das PPP f\u00fcr junge Berufst\u00e4tige? Das Parlamentarische Patenschafts-Programm f\u00fcr junge Berufst\u00e4tige (PPP) ist ein bilaterales Austauschprogramm des Deutschen Bundestages und des US-Kongresses, das 1983 ins Leben gerufen wurde. J\u00e4hrlich werden neben High School-Stipendien f\u00fcr Sch\u00fcler*innen ebenfalls je 75 Stipendien f\u00fcr junge Berufst\u00e4tige aus Deutschland und den USA f\u00fcr ein Austauschjahr im jeweils anderen [&hellip;]","og_url":"https:\/\/39ppp.de\/meikexusa\/das-ppp\/","og_site_name":"Meike meets America","article_modified_time":"2022-07-12T18:26:48+00:00","og_image":[{"url":"https:\/\/39ppp.de\/meikexusa\/wp-content\/uploads\/sites\/15\/2022\/07\/PPP_Logo-1024x421.jpg","type":"","width":"","height":""}],"twitter_card":"summary_large_image","twitter_misc":{"Gesch\u00e4tzte Lesezeit":"2\u00a0Minuten"},"schema":{"@context":"https:\/\/schema.org","@graph":[{"@type":"WebPage","@id":"https:\/\/39ppp.de\/meikexusa\/das-ppp\/","url":"https:\/\/39ppp.de\/meikexusa\/das-ppp\/","name":"Das PPP - Meike meets America","isPartOf":{"@id":"https:\/\/39ppp.de\/meikexusa\/#website"},"primaryImageOfPage":{"@id":"https:\/\/39ppp.de\/meikexusa\/das-ppp\/#primaryimage"},"image":{"@id":"https:\/\/39ppp.de\/meikexusa\/das-ppp\/#primaryimage"},"thumbnailUrl":"https:\/\/39ppp.de\/meikexusa\/wp-content\/uploads\/sites\/15\/2022\/07\/PPP_Logo-1024x421.jpg","datePublished":"2022-07-12T18:12:06+00:00","dateModified":"2022-07-12T18:26:48+00:00","breadcrumb":{"@id":"https:\/\/39ppp.de\/meikexusa\/das-ppp\/#breadcrumb"},"inLanguage":"de","potentialAction":[{"@type":"ReadAction","target":["https:\/\/39ppp.de\/meikexusa\/das-ppp\/"]}]},{"@type":"ImageObject","inLanguage":"de","@id":"https:\/\/39ppp.de\/meikexusa\/das-ppp\/#primaryimage","url":"https:\/\/39ppp.de\/meikexusa\/wp-content\/uploads\/sites\/15\/2022\/07\/PPP_Logo.jpg","contentUrl":"https:\/\/39ppp.de\/meikexusa\/wp-content\/uploads\/sites\/15\/2022\/07\/PPP_Logo.jpg","width":2071,"height":852},{"@type":"BreadcrumbList","@id":"https:\/\/39ppp.de\/meikexusa\/das-ppp\/#breadcrumb","itemListElement":[{"@type":"ListItem","position":1,"name":"Startseite","item":"https:\/\/39ppp.de\/meikexusa\/"},{"@type":"ListItem","position":2,"name":"Das PPP"}]},{"@type":"WebSite","@id":"https:\/\/39ppp.de\/meikexusa\/#website","url":"https:\/\/39ppp.de\/meikexusa\/","name":"Meike meets America","description":"Mein Jahr in Amerika","publisher":{"@id":"https:\/\/39ppp.de\/meikexusa\/#organization"},"potentialAction":[{"@type":"SearchAction","target":{"@type":"EntryPoint","urlTemplate":"https:\/\/39ppp.de\/meikexusa\/?s={search_term_string}"},"query-input":{"@type":"PropertyValueSpecification","valueRequired":true,"valueName":"search_term_string"}}],"inLanguage":"de"},{"@type":"Organization","@id":"https:\/\/39ppp.de\/meikexusa\/#organization","name":"Meike meets America","url":"https:\/\/39ppp.de\/meikexusa\/","logo":{"@type":"ImageObject","inLanguage":"de","@id":"https:\/\/39ppp.de\/meikexusa\/#\/schema\/logo\/image\/","url":"https:\/\/39ppp.de\/meikexusa\/wp-content\/uploads\/sites\/15\/2022\/07\/MeikeXUSA-Textlogo.png","contentUrl":"https:\/\/39ppp.de\/meikexusa\/wp-content\/uploads\/sites\/15\/2022\/07\/MeikeXUSA-Textlogo.png","width":500,"height":500,"caption":"Meike meets America"},"image":{"@id":"https:\/\/39ppp.de\/meikexusa\/#\/schema\/logo\/image\/"}}]}},"_links":{"self":[{"href":"https:\/\/39ppp.de\/meikexusa\/wp-json\/wp\/v2\/pages\/46","targetHints":{"allow":["GET"]}}],"collection":[{"href":"https:\/\/39ppp.de\/meikexusa\/wp-json\/wp\/v2\/pages"}],"about":[{"href":"https:\/\/39ppp.de\/meikexusa\/wp-json\/wp\/v2\/types\/page"}],"author":[{"embeddable":true,"href":"https:\/\/39ppp.de\/meikexusa\/wp-json\/wp\/v2\/users\/16"}],"replies":[{"embeddable":true,"href":"https:\/\/39ppp.de\/meikexusa\/wp-json\/wp\/v2\/comments?post=46"}],"version-history":[{"count":7,"href":"https:\/\/39ppp.de\/meikexusa\/wp-json\/wp\/v2\/pages\/46\/revisions"}],"predecessor-version":[{"id":62,"href":"https:\/\/39ppp.de\/meikexusa\/wp-json\/wp\/v2\/pages\/46\/revisions\/62"}],"wp:attachment":[{"href":"https:\/\/39ppp.de\/meikexusa\/wp-json\/wp\/v2\/media?parent=46"}],"curies":[{"name":"wp","href":"https:\/\/api.w.org\/{rel}","templated":true}]}}