{"id":41,"date":"2022-07-12T19:22:24","date_gmt":"2022-07-12T17:22:24","guid":{"rendered":"https:\/\/39ppp.de\/meikexusa\/?page_id=41"},"modified":"2022-07-12T20:33:44","modified_gmt":"2022-07-12T18:33:44","slug":"ueber-mich","status":"publish","type":"page","link":"https:\/\/39ppp.de\/meikexusa\/ueber-mich\/","title":{"rendered":"\u00dcber mich"},"content":{"rendered":"\t\t<div data-elementor-type=\"wp-page\" data-elementor-id=\"41\" class=\"elementor elementor-41\">\n\t\t\t\t\t\t<section class=\"elementor-section elementor-top-section elementor-element elementor-element-7e812263 elementor-section-boxed elementor-section-height-default elementor-section-height-default\" data-id=\"7e812263\" data-element_type=\"section\" data-e-type=\"section\">\n\t\t\t\t\t\t<div class=\"elementor-container elementor-column-gap-default\">\n\t\t\t\t\t<div class=\"elementor-column elementor-col-100 elementor-top-column elementor-element elementor-element-1a19ed82\" data-id=\"1a19ed82\" data-element_type=\"column\" data-e-type=\"column\">\n\t\t\t<div class=\"elementor-widget-wrap elementor-element-populated\">\n\t\t\t\t\t\t<div class=\"elementor-element elementor-element-4e56b65f elementor-widget elementor-widget-text-editor\" data-id=\"4e56b65f\" data-element_type=\"widget\" data-e-type=\"widget\" data-widget_type=\"text-editor.default\">\n\t\t\t\t<div class=\"elementor-widget-container\">\n\t\t\t\t\t\t\t\t\t\n<p>Ich bin 23 Jahre alt und komme aus der N\u00e4he von W\u00fcrzburg. Nach der Schule habe ich in Friedrichshafen am Bodensee f\u00fcr 2 Jahre meine Ausbildung als Biologisch-technische Assistentin gemacht. Dort hatte ich eine wunderbare Zeit, habe mich aber trotzdem dazu entschieden wieder zur\u00fcck in die Heimat zu gehen. Dort habe ich am Institut f\u00fcr Hygiene und Mikrobiologie der Universit\u00e4t W\u00fcrzburg angefangen zu Arbeiten.<br>In meiner Freizeit treffe ich mich am liebsten mit meinen Freunden zum Spieleabend oder zusammen kochen. Ansonsten liebe ich es Serien zu suchten und k\u00f6nnte Friends, Modern Family usw. in Dauerschleife schauen.<\/p>\n\n\n\n<figure class=\"wp-block-image size-large\"><img fetchpriority=\"high\" decoding=\"async\" width=\"768\" height=\"1024\" src=\"https:\/\/39ppp.de\/meikexusa\/wp-content\/uploads\/sites\/15\/2022\/07\/IMG_20220531_194204-768x1024.jpg\" alt=\"\" class=\"wp-image-42\" srcset=\"https:\/\/39ppp.de\/meikexusa\/wp-content\/uploads\/sites\/15\/2022\/07\/IMG_20220531_194204-768x1024.jpg 768w, https:\/\/39ppp.de\/meikexusa\/wp-content\/uploads\/sites\/15\/2022\/07\/IMG_20220531_194204-225x300.jpg 225w, https:\/\/39ppp.de\/meikexusa\/wp-content\/uploads\/sites\/15\/2022\/07\/IMG_20220531_194204-1152x1536.jpg 1152w, https:\/\/39ppp.de\/meikexusa\/wp-content\/uploads\/sites\/15\/2022\/07\/IMG_20220531_194204-1536x2048.jpg 1536w, https:\/\/39ppp.de\/meikexusa\/wp-content\/uploads\/sites\/15\/2022\/07\/IMG_20220531_194204-scaled.jpg 1920w\" sizes=\"(max-width: 768px) 100vw, 768px\" \/><\/figure>\n\t\t\t\t\t\t\t\t<\/div>\n\t\t\t\t<\/div>\n\t\t\t\t\t<\/div>\n\t\t<\/div>\n\t\t\t\t\t<\/div>\n\t\t<\/section>\n\t\t\t\t<\/div>\n\t\t","protected":false},"excerpt":{"rendered":"<p>Ich bin 23 Jahre alt und komme aus der N\u00e4he von W\u00fcrzburg. Nach der Schule habe ich in Friedrichshafen am Bodensee f\u00fcr 2 Jahre meine Ausbildung als Biologisch-technische Assistentin gemacht. Dort hatte ich eine wunderbare Zeit, habe mich aber trotzdem dazu entschieden wieder zur\u00fcck in die Heimat zu gehen. Dort habe ich am Institut f\u00fcr [&hellip;]<\/p>\n","protected":false},"author":16,"featured_media":0,"parent":0,"menu_order":0,"comment_status":"closed","ping_status":"closed","template":"","meta":{"footnotes":"","_links_to":"","_links_to_target":""},"class_list":["post-41","page","type-page","status-publish","hentry"],"yoast_head":"<!-- This site is optimized with the Yoast SEO plugin v27.4 - https:\/\/yoast.com\/product\/yoast-seo-wordpress\/ -->\n<title>\u00dcber mich - Meike meets America<\/title>\n<meta name=\"robots\" content=\"index, follow, max-snippet:-1, max-image-preview:large, max-video-preview:-1\" \/>\n<link rel=\"canonical\" href=\"https:\/\/39ppp.de\/meikexusa\/ueber-mich\/\" \/>\n<meta property=\"og:locale\" content=\"de_DE\" \/>\n<meta property=\"og:type\" content=\"article\" \/>\n<meta property=\"og:title\" content=\"\u00dcber mich - Meike meets America\" \/>\n<meta property=\"og:description\" content=\"Ich bin 23 Jahre alt und komme aus der N\u00e4he von W\u00fcrzburg. Nach der Schule habe ich in Friedrichshafen am Bodensee f\u00fcr 2 Jahre meine Ausbildung als Biologisch-technische Assistentin gemacht. Dort hatte ich eine wunderbare Zeit, habe mich aber trotzdem dazu entschieden wieder zur\u00fcck in die Heimat zu gehen. Dort habe ich am Institut f\u00fcr [&hellip;]\" \/>\n<meta property=\"og:url\" content=\"https:\/\/39ppp.de\/meikexusa\/ueber-mich\/\" \/>\n<meta property=\"og:site_name\" content=\"Meike meets America\" \/>\n<meta property=\"article:modified_time\" content=\"2022-07-12T18:33:44+00:00\" \/>\n<meta property=\"og:image\" content=\"https:\/\/39ppp.de\/meikexusa\/wp-content\/uploads\/sites\/15\/2022\/07\/IMG_20220531_194204-768x1024.jpg\" \/>\n<meta name=\"twitter:card\" content=\"summary_large_image\" \/>\n<meta name=\"twitter:label1\" content=\"Gesch\u00e4tzte Lesezeit\" \/>\n\t<meta name=\"twitter:data1\" content=\"1\u00a0Minute\" \/>\n<script type=\"application\/ld+json\" class=\"yoast-schema-graph\">{\"@context\":\"https:\\\/\\\/schema.org\",\"@graph\":[{\"@type\":\"WebPage\",\"@id\":\"https:\\\/\\\/39ppp.de\\\/meikexusa\\\/ueber-mich\\\/\",\"url\":\"https:\\\/\\\/39ppp.de\\\/meikexusa\\\/ueber-mich\\\/\",\"name\":\"\u00dcber mich - Meike meets America\",\"isPartOf\":{\"@id\":\"https:\\\/\\\/39ppp.de\\\/meikexusa\\\/#website\"},\"primaryImageOfPage\":{\"@id\":\"https:\\\/\\\/39ppp.de\\\/meikexusa\\\/ueber-mich\\\/#primaryimage\"},\"image\":{\"@id\":\"https:\\\/\\\/39ppp.de\\\/meikexusa\\\/ueber-mich\\\/#primaryimage\"},\"thumbnailUrl\":\"https:\\\/\\\/39ppp.de\\\/meikexusa\\\/wp-content\\\/uploads\\\/sites\\\/15\\\/2022\\\/07\\\/IMG_20220531_194204-768x1024.jpg\",\"datePublished\":\"2022-07-12T17:22:24+00:00\",\"dateModified\":\"2022-07-12T18:33:44+00:00\",\"breadcrumb\":{\"@id\":\"https:\\\/\\\/39ppp.de\\\/meikexusa\\\/ueber-mich\\\/#breadcrumb\"},\"inLanguage\":\"de\",\"potentialAction\":[{\"@type\":\"ReadAction\",\"target\":[\"https:\\\/\\\/39ppp.de\\\/meikexusa\\\/ueber-mich\\\/\"]}]},{\"@type\":\"ImageObject\",\"inLanguage\":\"de\",\"@id\":\"https:\\\/\\\/39ppp.de\\\/meikexusa\\\/ueber-mich\\\/#primaryimage\",\"url\":\"https:\\\/\\\/39ppp.de\\\/meikexusa\\\/wp-content\\\/uploads\\\/sites\\\/15\\\/2022\\\/07\\\/IMG_20220531_194204-768x1024.jpg\",\"contentUrl\":\"https:\\\/\\\/39ppp.de\\\/meikexusa\\\/wp-content\\\/uploads\\\/sites\\\/15\\\/2022\\\/07\\\/IMG_20220531_194204-768x1024.jpg\"},{\"@type\":\"BreadcrumbList\",\"@id\":\"https:\\\/\\\/39ppp.de\\\/meikexusa\\\/ueber-mich\\\/#breadcrumb\",\"itemListElement\":[{\"@type\":\"ListItem\",\"position\":1,\"name\":\"Startseite\",\"item\":\"https:\\\/\\\/39ppp.de\\\/meikexusa\\\/\"},{\"@type\":\"ListItem\",\"position\":2,\"name\":\"\u00dcber mich\"}]},{\"@type\":\"WebSite\",\"@id\":\"https:\\\/\\\/39ppp.de\\\/meikexusa\\\/#website\",\"url\":\"https:\\\/\\\/39ppp.de\\\/meikexusa\\\/\",\"name\":\"Meike meets America\",\"description\":\"Mein Jahr in Amerika\",\"publisher\":{\"@id\":\"https:\\\/\\\/39ppp.de\\\/meikexusa\\\/#organization\"},\"potentialAction\":[{\"@type\":\"SearchAction\",\"target\":{\"@type\":\"EntryPoint\",\"urlTemplate\":\"https:\\\/\\\/39ppp.de\\\/meikexusa\\\/?s={search_term_string}\"},\"query-input\":{\"@type\":\"PropertyValueSpecification\",\"valueRequired\":true,\"valueName\":\"search_term_string\"}}],\"inLanguage\":\"de\"},{\"@type\":\"Organization\",\"@id\":\"https:\\\/\\\/39ppp.de\\\/meikexusa\\\/#organization\",\"name\":\"Meike meets America\",\"url\":\"https:\\\/\\\/39ppp.de\\\/meikexusa\\\/\",\"logo\":{\"@type\":\"ImageObject\",\"inLanguage\":\"de\",\"@id\":\"https:\\\/\\\/39ppp.de\\\/meikexusa\\\/#\\\/schema\\\/logo\\\/image\\\/\",\"url\":\"https:\\\/\\\/39ppp.de\\\/meikexusa\\\/wp-content\\\/uploads\\\/sites\\\/15\\\/2022\\\/07\\\/MeikeXUSA-Textlogo.png\",\"contentUrl\":\"https:\\\/\\\/39ppp.de\\\/meikexusa\\\/wp-content\\\/uploads\\\/sites\\\/15\\\/2022\\\/07\\\/MeikeXUSA-Textlogo.png\",\"width\":500,\"height\":500,\"caption\":\"Meike meets America\"},\"image\":{\"@id\":\"https:\\\/\\\/39ppp.de\\\/meikexusa\\\/#\\\/schema\\\/logo\\\/image\\\/\"}}]}<\/script>\n<!-- \/ Yoast SEO plugin. -->","yoast_head_json":{"title":"\u00dcber mich - Meike meets America","robots":{"index":"index","follow":"follow","max-snippet":"max-snippet:-1","max-image-preview":"max-image-preview:large","max-video-preview":"max-video-preview:-1"},"canonical":"https:\/\/39ppp.de\/meikexusa\/ueber-mich\/","og_locale":"de_DE","og_type":"article","og_title":"\u00dcber mich - Meike meets America","og_description":"Ich bin 23 Jahre alt und komme aus der N\u00e4he von W\u00fcrzburg. Nach der Schule habe ich in Friedrichshafen am Bodensee f\u00fcr 2 Jahre meine Ausbildung als Biologisch-technische Assistentin gemacht. Dort hatte ich eine wunderbare Zeit, habe mich aber trotzdem dazu entschieden wieder zur\u00fcck in die Heimat zu gehen. Dort habe ich am Institut f\u00fcr [&hellip;]","og_url":"https:\/\/39ppp.de\/meikexusa\/ueber-mich\/","og_site_name":"Meike meets America","article_modified_time":"2022-07-12T18:33:44+00:00","og_image":[{"url":"https:\/\/39ppp.de\/meikexusa\/wp-content\/uploads\/sites\/15\/2022\/07\/IMG_20220531_194204-768x1024.jpg","type":"","width":"","height":""}],"twitter_card":"summary_large_image","twitter_misc":{"Gesch\u00e4tzte Lesezeit":"1\u00a0Minute"},"schema":{"@context":"https:\/\/schema.org","@graph":[{"@type":"WebPage","@id":"https:\/\/39ppp.de\/meikexusa\/ueber-mich\/","url":"https:\/\/39ppp.de\/meikexusa\/ueber-mich\/","name":"\u00dcber mich - Meike meets America","isPartOf":{"@id":"https:\/\/39ppp.de\/meikexusa\/#website"},"primaryImageOfPage":{"@id":"https:\/\/39ppp.de\/meikexusa\/ueber-mich\/#primaryimage"},"image":{"@id":"https:\/\/39ppp.de\/meikexusa\/ueber-mich\/#primaryimage"},"thumbnailUrl":"https:\/\/39ppp.de\/meikexusa\/wp-content\/uploads\/sites\/15\/2022\/07\/IMG_20220531_194204-768x1024.jpg","datePublished":"2022-07-12T17:22:24+00:00","dateModified":"2022-07-12T18:33:44+00:00","breadcrumb":{"@id":"https:\/\/39ppp.de\/meikexusa\/ueber-mich\/#breadcrumb"},"inLanguage":"de","potentialAction":[{"@type":"ReadAction","target":["https:\/\/39ppp.de\/meikexusa\/ueber-mich\/"]}]},{"@type":"ImageObject","inLanguage":"de","@id":"https:\/\/39ppp.de\/meikexusa\/ueber-mich\/#primaryimage","url":"https:\/\/39ppp.de\/meikexusa\/wp-content\/uploads\/sites\/15\/2022\/07\/IMG_20220531_194204-768x1024.jpg","contentUrl":"https:\/\/39ppp.de\/meikexusa\/wp-content\/uploads\/sites\/15\/2022\/07\/IMG_20220531_194204-768x1024.jpg"},{"@type":"BreadcrumbList","@id":"https:\/\/39ppp.de\/meikexusa\/ueber-mich\/#breadcrumb","itemListElement":[{"@type":"ListItem","position":1,"name":"Startseite","item":"https:\/\/39ppp.de\/meikexusa\/"},{"@type":"ListItem","position":2,"name":"\u00dcber mich"}]},{"@type":"WebSite","@id":"https:\/\/39ppp.de\/meikexusa\/#website","url":"https:\/\/39ppp.de\/meikexusa\/","name":"Meike meets America","description":"Mein Jahr in Amerika","publisher":{"@id":"https:\/\/39ppp.de\/meikexusa\/#organization"},"potentialAction":[{"@type":"SearchAction","target":{"@type":"EntryPoint","urlTemplate":"https:\/\/39ppp.de\/meikexusa\/?s={search_term_string}"},"query-input":{"@type":"PropertyValueSpecification","valueRequired":true,"valueName":"search_term_string"}}],"inLanguage":"de"},{"@type":"Organization","@id":"https:\/\/39ppp.de\/meikexusa\/#organization","name":"Meike meets America","url":"https:\/\/39ppp.de\/meikexusa\/","logo":{"@type":"ImageObject","inLanguage":"de","@id":"https:\/\/39ppp.de\/meikexusa\/#\/schema\/logo\/image\/","url":"https:\/\/39ppp.de\/meikexusa\/wp-content\/uploads\/sites\/15\/2022\/07\/MeikeXUSA-Textlogo.png","contentUrl":"https:\/\/39ppp.de\/meikexusa\/wp-content\/uploads\/sites\/15\/2022\/07\/MeikeXUSA-Textlogo.png","width":500,"height":500,"caption":"Meike meets America"},"image":{"@id":"https:\/\/39ppp.de\/meikexusa\/#\/schema\/logo\/image\/"}}]}},"_links":{"self":[{"href":"https:\/\/39ppp.de\/meikexusa\/wp-json\/wp\/v2\/pages\/41","targetHints":{"allow":["GET"]}}],"collection":[{"href":"https:\/\/39ppp.de\/meikexusa\/wp-json\/wp\/v2\/pages"}],"about":[{"href":"https:\/\/39ppp.de\/meikexusa\/wp-json\/wp\/v2\/types\/page"}],"author":[{"embeddable":true,"href":"https:\/\/39ppp.de\/meikexusa\/wp-json\/wp\/v2\/users\/16"}],"replies":[{"embeddable":true,"href":"https:\/\/39ppp.de\/meikexusa\/wp-json\/wp\/v2\/comments?post=41"}],"version-history":[{"count":4,"href":"https:\/\/39ppp.de\/meikexusa\/wp-json\/wp\/v2\/pages\/41\/revisions"}],"predecessor-version":[{"id":66,"href":"https:\/\/39ppp.de\/meikexusa\/wp-json\/wp\/v2\/pages\/41\/revisions\/66"}],"wp:attachment":[{"href":"https:\/\/39ppp.de\/meikexusa\/wp-json\/wp\/v2\/media?parent=41"}],"curies":[{"name":"wp","href":"https:\/\/api.w.org\/{rel}","templated":true}]}}