{"id":252,"date":"2022-12-20T17:33:50","date_gmt":"2022-12-20T16:33:50","guid":{"rendered":"https:\/\/39ppp.de\/manuelppp\/?page_id=252"},"modified":"2022-12-20T17:33:51","modified_gmt":"2022-12-20T16:33:51","slug":"zwischenbericht","status":"publish","type":"page","link":"https:\/\/39ppp.de\/manuelppp\/zwischenbericht\/","title":{"rendered":"Zwischenbericht zu meinem Aufenthalt in den USA"},"content":{"rendered":"\n<p>Am 09. August diesen Jahres flogen alle Teilnehmer des 39. Parlamentarischen Patenschaftsprogramms nach Washington D.C. Schon am Flughafen der US-amerikanischen Hauptstadt sp\u00fcrten wir die derartig hohe Luftfeuchtigkeit und eine ungewohnte Hitze. Wir erhielten einen Orientierungskurs im US-Department of State. Auch Sehensw\u00fcrdigkeiten wie das Wei\u00dfe Haus und das Capitol haben wir besichtigt.<br><br>Weiter ging es dann am 12. August in die neue Heimat, Avon, ein Vorort von Cleveland in Ohio mit knapp 25.000 Einwohnern, dessen B\u00fcrgermeister ich bereits treffen konnte. Schnell habe ich mit den anderen internationalen Studenten aus den verschiedensten L\u00e4ndern, wie Frankreich, Kuwait und Vietnam neue Kontakte gekn\u00fcpft und Freundschaften aufgebaut. M\u00f6glich gemacht wurde das durch meine Zeit am Lorain County Community College und die evangelische Kirche, die regelm\u00e4\u00dfig (gemeinsame) Events und Treffen veranstalten. Um davon ein paar Beispiele zu nennen, waren der Ausflug zu den Niagaraf\u00e4llen oder das gemeinsame Thanksgiving, das Abenteuer in CedarPoint (ein Vergn\u00fcgungspark) ein paar der Highlights neben den St\u00e4dtetrips nach Chicago, Illinois oder Columbus, Ohio, die wir privat organisiert haben.<br><br>Das erste Halbjahr zeichnete sich zudem vom Studieren an einem Community College ab. Dort werden alle erdenklichen Studieng\u00e4nge von Journalismus bis Pflege angeboten und es fiel mir nicht leicht, eine Auswahl zu treffen. Am Ende habe ich mich mit der Vorgabe, dass wir die H\u00e4lfte berufsbezogen, in meinem Fall sozialp\u00e4dagogisch, belegen m\u00fcssen, folgende Kurse gew\u00e4hlt: Einf\u00fchrung Psychologie; Soziale Arbeit; Kinderbetreuung und Klassenraummanagement; sowie vergleichende Politik. Mit diesen Kursen war ich sehr zufrieden, auch wenn es durch den hohen Hausaufgabenanteil eine Menge von Selbstorganisation und Disziplin ben\u00f6tigte.<br><br>In meiner Freizeit blieb trotzdem noch Raum f\u00fcr ehrenamtliches Engagement, welches mit mindestens 40 Stunden vom Programm vorgeschrieben wird. Diese habe ich fast ausschlie\u00dflich bei den \u201eDonauschwaben\u201c absolviert, einem kulturellen deutsch-amerikanischen Austauschzentrum. Dort konnte ich den Kleinsten beim Erlernen und Erhalt der deutschen Sprache helfen und bei besonderen Events, wie dem Garagenverkauf, wo es im \u00fcbrigen auch erzgebirgische Schallplatten gab, mit anpacken. Auch das Heimweh geht an diesem Ort immer ein St\u00fcck weit verloren, da man auf so viele Deutsche trifft mit vielen bewegenden Geschichten.<br><br>Im Januar steht das Zwischenseminar in Washington D.C. auf dem Plan mit anschlie\u00dfender Jobphase, in der ich im Kindergarten meines Colleges arbeiten werde. In der Zwischenzeit steht neben etwas Erholung nat\u00fcrlich auch Weihnachten an. Das unterscheidet sich im Vergleich zum Erzgebirge grundlegend in manchen Punkten. Neben all den bunten blinkenden Lichtern, die schon nach Thanksgiving in der Nachbarschaft auftauchen, wird Weihnachten hier gr\u00f6\u00dftenteils am 25. Dezember gefeiert. Davor werden in vielen Familien Klassiker, wie \u201eA Charlie Brown Christmas\u201c, \u201eHow the Grinch Stole Christmas\u201c oder \u201eMiracle on 34th Street\u201c angeschaut. Wie auch in Deutschland sind die Gerichte an und um Weihnachten von Familientradition zu Familientradition sehr unterschiedlich. Bei meiner Gastfamilie gibt es zum Beispiel Fisch. Zentral ist allerdings nach wie vor, dass sich die ganze Familie trifft, was durch die gro\u00dfen Distanzen in den USA meistens eher selten der Fall ist. Daher werde ich auch meine Gastgeschwister kennen lernen und weitere Verwandtschaft meiner Gastfamilie wieder sehen. All das ist eine interessante Erfahrung, die mir f\u00fcr mein restliches Leben in Erinnerung bleiben werden. Allerdings kann das oft nicht mithalten mit all den sch\u00f6nen Bildern und Videos die ich zum Beispiel von den Weihnachtsm\u00e4rkten aus der Heimat sehe. Diese gibt es zwar hier teilweise als \u201eGerman Christkindlmarket\u201c auch, sind aber wesentlich unspektakul\u00e4rer aber definitiv einen Besuch wert.<br>Abschlie\u00dfend bleibt mir nur zu sagen, dass ich au\u00dferordentlich dankbar bin, diese M\u00f6glichkeit bekommen zu haben, andere Kulturen und Lebensr\u00e4ume hautnah f\u00fcr ein Jahr entdecken zu k\u00f6nnen. In vielen Punkten kam noch eine Menge Gl\u00fcck dazu, zum Beispiel mit meiner Gastfamilie und den Franz\u00f6sinnen und Franzosen, die zu engen Freunden geworden sind und den Aufenthalt sehr angenehm machen. Allgemein erf\u00e4hrt man hier eine unglaubliche Gastfreundlichkeit und Hilfsbereitschaft, von der man noch viel lernen kann. Allerdings freue ich mich auch schon darauf, all das, was ich in den letzten Monaten noch mehr an Deutschland und dem Erzgebirge wertsch\u00e4tzen gelernt habe, ab kommenden Sommer wieder an eigener Haut zu erleben.<\/p>\n","protected":false},"excerpt":{"rendered":"<p>Am 09. August diesen Jahres flogen alle Teilnehmer des 39. Parlamentarischen Patenschaftsprogramms nach Washington D.C. Schon am Flughafen der US-amerikanischen Hauptstadt sp\u00fcrten wir die derartig hohe Luftfeuchtigkeit und eine ungewohnte Hitze. Wir erhielten einen Orientierungskurs im US-Department of State. Auch Sehensw\u00fcrdigkeiten wie das Wei\u00dfe Haus und das Capitol haben wir besichtigt. Weiter ging es dann [&hellip;]<\/p>\n","protected":false},"author":19,"featured_media":0,"parent":0,"menu_order":0,"comment_status":"closed","ping_status":"closed","template":"","meta":{"footnotes":"","_links_to":"","_links_to_target":""},"class_list":["post-252","page","type-page","status-publish","hentry"],"yoast_head":"<!-- This site is optimized with the Yoast SEO plugin v27.4 - https:\/\/yoast.com\/product\/yoast-seo-wordpress\/ -->\n<title>Zwischenbericht zu meinem Aufenthalt in den USA - Manuel in den USA<\/title>\n<meta name=\"description\" content=\"Das Jahr neigt sich dem Ende und das erste Semester meines Aufenthalts in den USA ist vorbei. Hiermit m\u00f6chte ich eine Zwischenbilanz ziehen.\" \/>\n<meta name=\"robots\" content=\"index, follow, max-snippet:-1, max-image-preview:large, max-video-preview:-1\" \/>\n<link rel=\"canonical\" href=\"https:\/\/39ppp.de\/manuelppp\/zwischenbericht\/\" \/>\n<meta property=\"og:locale\" content=\"de_DE\" \/>\n<meta property=\"og:type\" content=\"article\" \/>\n<meta property=\"og:title\" content=\"Zwischenbericht zu meinem Aufenthalt in den USA - Manuel in den USA\" \/>\n<meta property=\"og:description\" content=\"Das Jahr neigt sich dem Ende und das erste Semester meines Aufenthalts in den USA ist vorbei. Hiermit m\u00f6chte ich eine Zwischenbilanz ziehen.\" \/>\n<meta property=\"og:url\" content=\"https:\/\/39ppp.de\/manuelppp\/zwischenbericht\/\" \/>\n<meta property=\"og:site_name\" content=\"Manuel in den USA\" \/>\n<meta property=\"article:modified_time\" content=\"2022-12-20T16:33:51+00:00\" \/>\n<meta name=\"twitter:card\" content=\"summary_large_image\" \/>\n<meta name=\"twitter:label1\" content=\"Gesch\u00e4tzte Lesezeit\" \/>\n\t<meta name=\"twitter:data1\" content=\"4\u00a0Minuten\" \/>\n<script type=\"application\/ld+json\" class=\"yoast-schema-graph\">{\"@context\":\"https:\\\/\\\/schema.org\",\"@graph\":[{\"@type\":\"WebPage\",\"@id\":\"https:\\\/\\\/39ppp.de\\\/manuelppp\\\/zwischenbericht\\\/\",\"url\":\"https:\\\/\\\/39ppp.de\\\/manuelppp\\\/zwischenbericht\\\/\",\"name\":\"Zwischenbericht zu meinem Aufenthalt in den USA - Manuel in den USA\",\"isPartOf\":{\"@id\":\"https:\\\/\\\/39ppp.de\\\/manuelppp\\\/#website\"},\"datePublished\":\"2022-12-20T16:33:50+00:00\",\"dateModified\":\"2022-12-20T16:33:51+00:00\",\"description\":\"Das Jahr neigt sich dem Ende und das erste Semester meines Aufenthalts in den USA ist vorbei. Hiermit m\u00f6chte ich eine Zwischenbilanz ziehen.\",\"breadcrumb\":{\"@id\":\"https:\\\/\\\/39ppp.de\\\/manuelppp\\\/zwischenbericht\\\/#breadcrumb\"},\"inLanguage\":\"de\",\"potentialAction\":[{\"@type\":\"ReadAction\",\"target\":[\"https:\\\/\\\/39ppp.de\\\/manuelppp\\\/zwischenbericht\\\/\"]}]},{\"@type\":\"BreadcrumbList\",\"@id\":\"https:\\\/\\\/39ppp.de\\\/manuelppp\\\/zwischenbericht\\\/#breadcrumb\",\"itemListElement\":[{\"@type\":\"ListItem\",\"position\":1,\"name\":\"Startseite\",\"item\":\"https:\\\/\\\/39ppp.de\\\/manuelppp\\\/\"},{\"@type\":\"ListItem\",\"position\":2,\"name\":\"Zwischenbericht zu meinem Aufenthalt in den USA\"}]},{\"@type\":\"WebSite\",\"@id\":\"https:\\\/\\\/39ppp.de\\\/manuelppp\\\/#website\",\"url\":\"https:\\\/\\\/39ppp.de\\\/manuelppp\\\/\",\"name\":\"Manuel in den USA\",\"description\":\"Eine weitere 39. Parlamentarisches Patenschafts-Programm Website\",\"potentialAction\":[{\"@type\":\"SearchAction\",\"target\":{\"@type\":\"EntryPoint\",\"urlTemplate\":\"https:\\\/\\\/39ppp.de\\\/manuelppp\\\/?s={search_term_string}\"},\"query-input\":{\"@type\":\"PropertyValueSpecification\",\"valueRequired\":true,\"valueName\":\"search_term_string\"}}],\"inLanguage\":\"de\"}]}<\/script>\n<!-- \/ Yoast SEO plugin. -->","yoast_head_json":{"title":"Zwischenbericht zu meinem Aufenthalt in den USA - Manuel in den USA","description":"Das Jahr neigt sich dem Ende und das erste Semester meines Aufenthalts in den USA ist vorbei. Hiermit m\u00f6chte ich eine Zwischenbilanz ziehen.","robots":{"index":"index","follow":"follow","max-snippet":"max-snippet:-1","max-image-preview":"max-image-preview:large","max-video-preview":"max-video-preview:-1"},"canonical":"https:\/\/39ppp.de\/manuelppp\/zwischenbericht\/","og_locale":"de_DE","og_type":"article","og_title":"Zwischenbericht zu meinem Aufenthalt in den USA - Manuel in den USA","og_description":"Das Jahr neigt sich dem Ende und das erste Semester meines Aufenthalts in den USA ist vorbei. Hiermit m\u00f6chte ich eine Zwischenbilanz ziehen.","og_url":"https:\/\/39ppp.de\/manuelppp\/zwischenbericht\/","og_site_name":"Manuel in den USA","article_modified_time":"2022-12-20T16:33:51+00:00","twitter_card":"summary_large_image","twitter_misc":{"Gesch\u00e4tzte Lesezeit":"4\u00a0Minuten"},"schema":{"@context":"https:\/\/schema.org","@graph":[{"@type":"WebPage","@id":"https:\/\/39ppp.de\/manuelppp\/zwischenbericht\/","url":"https:\/\/39ppp.de\/manuelppp\/zwischenbericht\/","name":"Zwischenbericht zu meinem Aufenthalt in den USA - Manuel in den USA","isPartOf":{"@id":"https:\/\/39ppp.de\/manuelppp\/#website"},"datePublished":"2022-12-20T16:33:50+00:00","dateModified":"2022-12-20T16:33:51+00:00","description":"Das Jahr neigt sich dem Ende und das erste Semester meines Aufenthalts in den USA ist vorbei. Hiermit m\u00f6chte ich eine Zwischenbilanz ziehen.","breadcrumb":{"@id":"https:\/\/39ppp.de\/manuelppp\/zwischenbericht\/#breadcrumb"},"inLanguage":"de","potentialAction":[{"@type":"ReadAction","target":["https:\/\/39ppp.de\/manuelppp\/zwischenbericht\/"]}]},{"@type":"BreadcrumbList","@id":"https:\/\/39ppp.de\/manuelppp\/zwischenbericht\/#breadcrumb","itemListElement":[{"@type":"ListItem","position":1,"name":"Startseite","item":"https:\/\/39ppp.de\/manuelppp\/"},{"@type":"ListItem","position":2,"name":"Zwischenbericht zu meinem Aufenthalt in den USA"}]},{"@type":"WebSite","@id":"https:\/\/39ppp.de\/manuelppp\/#website","url":"https:\/\/39ppp.de\/manuelppp\/","name":"Manuel in den USA","description":"Eine weitere 39. Parlamentarisches Patenschafts-Programm Website","potentialAction":[{"@type":"SearchAction","target":{"@type":"EntryPoint","urlTemplate":"https:\/\/39ppp.de\/manuelppp\/?s={search_term_string}"},"query-input":{"@type":"PropertyValueSpecification","valueRequired":true,"valueName":"search_term_string"}}],"inLanguage":"de"}]}},"_links":{"self":[{"href":"https:\/\/39ppp.de\/manuelppp\/wp-json\/wp\/v2\/pages\/252","targetHints":{"allow":["GET"]}}],"collection":[{"href":"https:\/\/39ppp.de\/manuelppp\/wp-json\/wp\/v2\/pages"}],"about":[{"href":"https:\/\/39ppp.de\/manuelppp\/wp-json\/wp\/v2\/types\/page"}],"author":[{"embeddable":true,"href":"https:\/\/39ppp.de\/manuelppp\/wp-json\/wp\/v2\/users\/19"}],"replies":[{"embeddable":true,"href":"https:\/\/39ppp.de\/manuelppp\/wp-json\/wp\/v2\/comments?post=252"}],"version-history":[{"count":1,"href":"https:\/\/39ppp.de\/manuelppp\/wp-json\/wp\/v2\/pages\/252\/revisions"}],"predecessor-version":[{"id":253,"href":"https:\/\/39ppp.de\/manuelppp\/wp-json\/wp\/v2\/pages\/252\/revisions\/253"}],"wp:attachment":[{"href":"https:\/\/39ppp.de\/manuelppp\/wp-json\/wp\/v2\/media?parent=252"}],"curies":[{"name":"wp","href":"https:\/\/api.w.org\/{rel}","templated":true}]}}